{"id":5041,"date":"2020-02-06T08:12:19","date_gmt":"2020-02-06T06:12:19","guid":{"rendered":"https:\/\/www.zst.suwalki.pl\/www\/?page_id=5041"},"modified":"2020-02-06T08:12:19","modified_gmt":"2020-02-06T06:12:19","slug":"poprawa-jakosci-ksztalcenia-zawodowego-w-miescie-suwalki","status":"publish","type":"page","link":"https:\/\/www.zst.suwalki.pl\/www\/poprawa-jakosci-ksztalcenia-zawodowego-w-miescie-suwalki\/","title":{"rendered":"Poprawa jako\u015bci kszta\u0142cenia zawodowego w mie\u015bcie Suwa\u0142ki"},"content":{"rendered":"<p><strong>WND-RPPD.08.02.01-20-0013\/18 pt. &#8222;Poprawa jako\u015bci kszta\u0142cenia zawodowego\u00a0 w mie\u015bcie Suwa\u0142ki poprzez rozbudow\u0119 infrastruktury Zespo\u0142u Szk\u00f3\u0142 Technicznych w Suwa\u0142kach&#8221;<\/strong><\/p>\n<p><img decoding=\"async\" class=\"size-large wp-image-5026 aligncenter\" src=\"https:\/\/www.zst.suwalki.pl\/www\/wp-content\/uploads\/2020\/01\/poprawa_ksztalcenia_2020-1024x89.jpg\" alt=\"\" width=\"640\" height=\"56\" srcset=\"https:\/\/www.zst.suwalki.pl\/www\/wp-content\/uploads\/2020\/01\/poprawa_ksztalcenia_2020-1024x89.jpg 1024w, https:\/\/www.zst.suwalki.pl\/www\/wp-content\/uploads\/2020\/01\/poprawa_ksztalcenia_2020-300x26.jpg 300w, https:\/\/www.zst.suwalki.pl\/www\/wp-content\/uploads\/2020\/01\/poprawa_ksztalcenia_2020-768x67.jpg 768w, https:\/\/www.zst.suwalki.pl\/www\/wp-content\/uploads\/2020\/01\/poprawa_ksztalcenia_2020.jpg 1386w\" sizes=\"(max-width: 640px) 100vw, 640px\" \/><\/p>\n<p>Przedmiotowy projekt obejmuje rozbudow\u0119 budynku warsztatowego Centrum Kszta\u0142cenia Praktycznego w Suwa\u0142kach przy ulicy Sejne\u0144ska 33A, funkcjonuj\u0105cego w strukturach Zespo\u0142u Szk\u00f3\u0142 Technicznych w Suwa\u0142kach. Przebudowany obiekt b\u0119dzie przeznaczony\u00a0 do realizowania zaj\u0119\u0107 z\u00a0 kszta\u0142cenia praktycznego, przedmiot\u00f3w bran\u017cy budowlanej, OZE i mechanicznej oraz jako o\u015brodek egzaminacyjny, do przeprowadzania egzamin\u00f3w potwierdzaj\u0105cych kwalifikacje w zawodach:<\/p>\n<ul>\n<li>technik budownictwa,<\/li>\n<li>technik urz\u0105dze\u0144 i system\u00f3w energetyki odnawialnej,<\/li>\n<li>technik mechanik,<\/li>\n<li>monter zabudowy i rob\u00f3t wyko\u0144czeniowych w budownictwie.<\/li>\n<\/ul>\n<p>G\u0142\u00f3wnym celem projektu jest poprawa jako\u015bci kszta\u0142cenia zawodowego w Zespole Szk\u00f3\u0142 Technicznych\u00a0 w Suwa\u0142kach\u00a0 dostosowanego do potrzeb rynku pracy realizowanego we wsp\u00f3\u0142pracy z pracodawcami\u00a0 poprzez rozbudow\u0119 budynku warsztat\u00f3w i zakup wyposa\u017cenia do praktycznej nauki zawodu.<\/p>\n<p><strong>Zak\u0142adane\u00a0 rezultaty:<\/strong><\/p>\n<p>&#8211; przystosowanie oferty kszta\u0142cenia zawodowego w ZST w Suwa\u0142kach do kierunk\u00f3w rozwojowych wojew\u00f3dztwa (zgodnie ze strategi\u0105 inteligentnych specjalizacji),<\/p>\n<p>&#8211; stworzenie warunk\u00f3w w ZST w Suwa\u0142kach\u00a0 zbli\u017conych do rzeczywistego \u015brodowiska pracy zawodowej w bran\u017cy budowlanej, mechanicznej czy OZE, poprzez utworzenie\/modernizacj\u0119 14 pracowni do praktycznej nauki zawodu,<\/p>\n<p>&#8211; przystosowanie budynku warsztatu Centrum Kszta\u0142cenia Praktycznego nr 2 w Suwa\u0142kach do potrzeb os\u00f3b niepe\u0142nosprawnych,<\/p>\n<p>&#8211; podniesienie atrakcyjno\u015bci, jako\u015bci kszta\u0142cenia i\u00a0 szkolenia zawodowego poprzez modernizacj\u0119\u00a0 i popraw\u0119 funkcjonalno\u015bci budynku warsztat\u00f3w CKP nr 2 w Suwa\u0142kach,<\/p>\n<p>&#8211; poprawa sytuacji na regionalnym i lokalnym rynku pracy absolwent\u00f3w ZST w Suwa\u0142kach.<\/p>\n<p><strong>\u00a0<\/strong><strong>Zakres rzeczowy projektu obejmuje:<\/strong><\/p>\n<ol>\n<li>rozbudow\u0119 i przebudow\u0119 budynk\u00f3w warsztat\u00f3w i pracowni do praktycznej nauki zawodu Zespo\u0142u Szk\u00f3\u0142 Technicznych w Suwa\u0142kach<\/li>\n<li>zakup wyposa\u017cenia i sprz\u0119tu do warsztat\u00f3w praktycznej nauki w nast\u0119puj\u0105cych zawodach: technik budownictwa, monter zabudowy i rob\u00f3t wyko\u0144czeniowych w\u00a0budownictwie, technik mechanik, technik urz\u0105dze\u0144 i\u00a0system\u00f3w energetyki odnawialnej.<\/li>\n<\/ol>\n<p><em>\u0179r\u00f3d\u0142a finansowania: <\/em><\/p>\n<p>\u015arodki z EFRR \u2013 3.546.408,02 PLN (64,15%)<\/p>\n<p>Bud\u017cet Miasta Suwa\u0142ki: \u00a01.981.713,94 PLN<\/p>\n<p>Ca\u0142kowity koszt projektu: 5.528.121,96 PLN<\/p>\n<p>Okres realizacji projektu: 04.10.2018 r. \u2013 15.01.2020 r.<\/p>\n","protected":false},"excerpt":{"rendered":"<p>WND-RPPD.08.02.01-20-0013\/18 pt. &#8222;Poprawa jako\u015bci kszta\u0142cenia zawodowego\u00a0 w mie\u015bcie Suwa\u0142ki poprzez rozbudow\u0119 infrastruktury Zespo\u0142u Szk\u00f3\u0142 Technicznych w Suwa\u0142kach&#8221; Przedmiotowy projekt obejmuje rozbudow\u0119 budynku warsztatowego Centrum Kszta\u0142cenia Praktycznego w Suwa\u0142kach przy ulicy&hellip;<\/p>\n","protected":false},"author":1,"featured_media":0,"parent":0,"menu_order":0,"comment_status":"closed","ping_status":"closed","template":"","meta":{"_crdt_document":"","footnotes":""},"class_list":["post-5041","page","type-page","status-publish","hentry"],"yoast_head":"<!-- This site is optimized with the Yoast SEO plugin v27.5 - https:\/\/yoast.com\/product\/yoast-seo-wordpress\/ -->\n<title>Poprawa jako\u015bci kszta\u0142cenia zawodowego w mie\u015bcie Suwa\u0142ki - Zesp\u00f3\u0142 Szk\u00f3\u0142 Technicznych w Suwa\u0142kach<\/title>\n<meta name=\"robots\" content=\"index, follow, max-snippet:-1, max-image-preview:large, max-video-preview:-1\" \/>\n<link rel=\"canonical\" href=\"https:\/\/www.zst.suwalki.pl\/www\/poprawa-jakosci-ksztalcenia-zawodowego-w-miescie-suwalki\/\" \/>\n<meta property=\"og:locale\" content=\"pl_PL\" \/>\n<meta property=\"og:type\" content=\"article\" \/>\n<meta property=\"og:title\" content=\"Poprawa jako\u015bci kszta\u0142cenia zawodowego w mie\u015bcie Suwa\u0142ki - Zesp\u00f3\u0142 Szk\u00f3\u0142 Technicznych w Suwa\u0142kach\" \/>\n<meta property=\"og:description\" content=\"WND-RPPD.08.02.01-20-0013\/18 pt. &#8222;Poprawa jako\u015bci kszta\u0142cenia zawodowego\u00a0 w mie\u015bcie Suwa\u0142ki poprzez rozbudow\u0119 infrastruktury Zespo\u0142u Szk\u00f3\u0142 Technicznych w Suwa\u0142kach&#8221; Przedmiotowy projekt obejmuje rozbudow\u0119 budynku warsztatowego Centrum Kszta\u0142cenia Praktycznego w Suwa\u0142kach przy ulicy&hellip;\" \/>\n<meta property=\"og:url\" content=\"https:\/\/www.zst.suwalki.pl\/www\/poprawa-jakosci-ksztalcenia-zawodowego-w-miescie-suwalki\/\" \/>\n<meta property=\"og:site_name\" content=\"Zesp\u00f3\u0142 Szk\u00f3\u0142 Technicznych w Suwa\u0142kach\" \/>\n<meta property=\"article:publisher\" content=\"https:\/\/www.facebook.com\/zstwsuwalkach\" \/>\n<meta property=\"og:image\" content=\"https:\/\/www.zst.suwalki.pl\/www\/wp-content\/uploads\/2020\/01\/poprawa_ksztalcenia_2020-1024x89.jpg\" \/>\n<meta name=\"twitter:card\" content=\"summary_large_image\" \/>\n<meta name=\"twitter:label1\" content=\"Szacowany czas czytania\" \/>\n\t<meta name=\"twitter:data1\" content=\"2 minuty\" \/>\n<script type=\"application\/ld+json\" class=\"yoast-schema-graph\">{\"@context\":\"https:\\\/\\\/schema.org\",\"@graph\":[{\"@type\":\"WebPage\",\"@id\":\"https:\\\/\\\/www.zst.suwalki.pl\\\/www\\\/poprawa-jakosci-ksztalcenia-zawodowego-w-miescie-suwalki\\\/\",\"url\":\"https:\\\/\\\/www.zst.suwalki.pl\\\/www\\\/poprawa-jakosci-ksztalcenia-zawodowego-w-miescie-suwalki\\\/\",\"name\":\"Poprawa jako\u015bci kszta\u0142cenia zawodowego w mie\u015bcie Suwa\u0142ki - Zesp\u00f3\u0142 Szk\u00f3\u0142 Technicznych w Suwa\u0142kach\",\"isPartOf\":{\"@id\":\"https:\\\/\\\/www.zst.suwalki.pl\\\/www\\\/#website\"},\"primaryImageOfPage\":{\"@id\":\"https:\\\/\\\/www.zst.suwalki.pl\\\/www\\\/poprawa-jakosci-ksztalcenia-zawodowego-w-miescie-suwalki\\\/#primaryimage\"},\"image\":{\"@id\":\"https:\\\/\\\/www.zst.suwalki.pl\\\/www\\\/poprawa-jakosci-ksztalcenia-zawodowego-w-miescie-suwalki\\\/#primaryimage\"},\"thumbnailUrl\":\"https:\\\/\\\/www.zst.suwalki.pl\\\/www\\\/wp-content\\\/uploads\\\/2020\\\/01\\\/poprawa_ksztalcenia_2020-1024x89.jpg\",\"datePublished\":\"2020-02-06T06:12:19+00:00\",\"breadcrumb\":{\"@id\":\"https:\\\/\\\/www.zst.suwalki.pl\\\/www\\\/poprawa-jakosci-ksztalcenia-zawodowego-w-miescie-suwalki\\\/#breadcrumb\"},\"inLanguage\":\"pl-PL\",\"potentialAction\":[{\"@type\":\"ReadAction\",\"target\":[\"https:\\\/\\\/www.zst.suwalki.pl\\\/www\\\/poprawa-jakosci-ksztalcenia-zawodowego-w-miescie-suwalki\\\/\"]}]},{\"@type\":\"ImageObject\",\"inLanguage\":\"pl-PL\",\"@id\":\"https:\\\/\\\/www.zst.suwalki.pl\\\/www\\\/poprawa-jakosci-ksztalcenia-zawodowego-w-miescie-suwalki\\\/#primaryimage\",\"url\":\"https:\\\/\\\/www.zst.suwalki.pl\\\/www\\\/wp-content\\\/uploads\\\/2020\\\/01\\\/poprawa_ksztalcenia_2020.jpg\",\"contentUrl\":\"https:\\\/\\\/www.zst.suwalki.pl\\\/www\\\/wp-content\\\/uploads\\\/2020\\\/01\\\/poprawa_ksztalcenia_2020.jpg\",\"width\":1386,\"height\":121},{\"@type\":\"BreadcrumbList\",\"@id\":\"https:\\\/\\\/www.zst.suwalki.pl\\\/www\\\/poprawa-jakosci-ksztalcenia-zawodowego-w-miescie-suwalki\\\/#breadcrumb\",\"itemListElement\":[{\"@type\":\"ListItem\",\"position\":1,\"name\":\"Strona g\u0142\u00f3wna\",\"item\":\"https:\\\/\\\/www.zst.suwalki.pl\\\/www\\\/\"},{\"@type\":\"ListItem\",\"position\":2,\"name\":\"Poprawa jako\u015bci kszta\u0142cenia zawodowego w mie\u015bcie Suwa\u0142ki\"}]},{\"@type\":\"WebSite\",\"@id\":\"https:\\\/\\\/www.zst.suwalki.pl\\\/www\\\/#website\",\"url\":\"https:\\\/\\\/www.zst.suwalki.pl\\\/www\\\/\",\"name\":\"Zesp\u00f3\u0142 Szk\u00f3\u0142 Technicznych w Suwa\u0142kach\",\"description\":\"technikum, suwa\u0142ki, mechatronik, informatyk, teleinformatyk, budownictwo, elektryk, mechanik, monter, fryzjer, cukiernik, grafik,\",\"publisher\":{\"@id\":\"https:\\\/\\\/www.zst.suwalki.pl\\\/www\\\/#organization\"},\"potentialAction\":[{\"@type\":\"SearchAction\",\"target\":{\"@type\":\"EntryPoint\",\"urlTemplate\":\"https:\\\/\\\/www.zst.suwalki.pl\\\/www\\\/?s={search_term_string}\"},\"query-input\":{\"@type\":\"PropertyValueSpecification\",\"valueRequired\":true,\"valueName\":\"search_term_string\"}}],\"inLanguage\":\"pl-PL\"},{\"@type\":\"Organization\",\"@id\":\"https:\\\/\\\/www.zst.suwalki.pl\\\/www\\\/#organization\",\"name\":\"Zesp\u00f3\u0142 Szk\u00f3\u0142 Technicznych w Suwa\u0142kach\",\"url\":\"https:\\\/\\\/www.zst.suwalki.pl\\\/www\\\/\",\"logo\":{\"@type\":\"ImageObject\",\"inLanguage\":\"pl-PL\",\"@id\":\"https:\\\/\\\/www.zst.suwalki.pl\\\/www\\\/#\\\/schema\\\/logo\\\/image\\\/\",\"url\":\"https:\\\/\\\/www.zst.suwalki.pl\\\/www\\\/wp-content\\\/uploads\\\/2019\\\/01\\\/cropped-banner_logo_zst.png\",\"contentUrl\":\"https:\\\/\\\/www.zst.suwalki.pl\\\/www\\\/wp-content\\\/uploads\\\/2019\\\/01\\\/cropped-banner_logo_zst.png\",\"width\":290,\"height\":70,\"caption\":\"Zesp\u00f3\u0142 Szk\u00f3\u0142 Technicznych w Suwa\u0142kach\"},\"image\":{\"@id\":\"https:\\\/\\\/www.zst.suwalki.pl\\\/www\\\/#\\\/schema\\\/logo\\\/image\\\/\"},\"sameAs\":[\"https:\\\/\\\/www.facebook.com\\\/zstwsuwalkach\"]}]}<\/script>\n<!-- \/ Yoast SEO plugin. -->","yoast_head_json":{"title":"Poprawa jako\u015bci kszta\u0142cenia zawodowego w mie\u015bcie Suwa\u0142ki - Zesp\u00f3\u0142 Szk\u00f3\u0142 Technicznych w Suwa\u0142kach","robots":{"index":"index","follow":"follow","max-snippet":"max-snippet:-1","max-image-preview":"max-image-preview:large","max-video-preview":"max-video-preview:-1"},"canonical":"https:\/\/www.zst.suwalki.pl\/www\/poprawa-jakosci-ksztalcenia-zawodowego-w-miescie-suwalki\/","og_locale":"pl_PL","og_type":"article","og_title":"Poprawa jako\u015bci kszta\u0142cenia zawodowego w mie\u015bcie Suwa\u0142ki - Zesp\u00f3\u0142 Szk\u00f3\u0142 Technicznych w Suwa\u0142kach","og_description":"WND-RPPD.08.02.01-20-0013\/18 pt. &#8222;Poprawa jako\u015bci kszta\u0142cenia zawodowego\u00a0 w mie\u015bcie Suwa\u0142ki poprzez rozbudow\u0119 infrastruktury Zespo\u0142u Szk\u00f3\u0142 Technicznych w Suwa\u0142kach&#8221; Przedmiotowy projekt obejmuje rozbudow\u0119 budynku warsztatowego Centrum Kszta\u0142cenia Praktycznego w Suwa\u0142kach przy ulicy&hellip;","og_url":"https:\/\/www.zst.suwalki.pl\/www\/poprawa-jakosci-ksztalcenia-zawodowego-w-miescie-suwalki\/","og_site_name":"Zesp\u00f3\u0142 Szk\u00f3\u0142 Technicznych w Suwa\u0142kach","article_publisher":"https:\/\/www.facebook.com\/zstwsuwalkach","og_image":[{"url":"https:\/\/www.zst.suwalki.pl\/www\/wp-content\/uploads\/2020\/01\/poprawa_ksztalcenia_2020-1024x89.jpg","type":"","width":"","height":""}],"twitter_card":"summary_large_image","twitter_misc":{"Szacowany czas czytania":"2 minuty"},"schema":{"@context":"https:\/\/schema.org","@graph":[{"@type":"WebPage","@id":"https:\/\/www.zst.suwalki.pl\/www\/poprawa-jakosci-ksztalcenia-zawodowego-w-miescie-suwalki\/","url":"https:\/\/www.zst.suwalki.pl\/www\/poprawa-jakosci-ksztalcenia-zawodowego-w-miescie-suwalki\/","name":"Poprawa jako\u015bci kszta\u0142cenia zawodowego w mie\u015bcie Suwa\u0142ki - Zesp\u00f3\u0142 Szk\u00f3\u0142 Technicznych w Suwa\u0142kach","isPartOf":{"@id":"https:\/\/www.zst.suwalki.pl\/www\/#website"},"primaryImageOfPage":{"@id":"https:\/\/www.zst.suwalki.pl\/www\/poprawa-jakosci-ksztalcenia-zawodowego-w-miescie-suwalki\/#primaryimage"},"image":{"@id":"https:\/\/www.zst.suwalki.pl\/www\/poprawa-jakosci-ksztalcenia-zawodowego-w-miescie-suwalki\/#primaryimage"},"thumbnailUrl":"https:\/\/www.zst.suwalki.pl\/www\/wp-content\/uploads\/2020\/01\/poprawa_ksztalcenia_2020-1024x89.jpg","datePublished":"2020-02-06T06:12:19+00:00","breadcrumb":{"@id":"https:\/\/www.zst.suwalki.pl\/www\/poprawa-jakosci-ksztalcenia-zawodowego-w-miescie-suwalki\/#breadcrumb"},"inLanguage":"pl-PL","potentialAction":[{"@type":"ReadAction","target":["https:\/\/www.zst.suwalki.pl\/www\/poprawa-jakosci-ksztalcenia-zawodowego-w-miescie-suwalki\/"]}]},{"@type":"ImageObject","inLanguage":"pl-PL","@id":"https:\/\/www.zst.suwalki.pl\/www\/poprawa-jakosci-ksztalcenia-zawodowego-w-miescie-suwalki\/#primaryimage","url":"https:\/\/www.zst.suwalki.pl\/www\/wp-content\/uploads\/2020\/01\/poprawa_ksztalcenia_2020.jpg","contentUrl":"https:\/\/www.zst.suwalki.pl\/www\/wp-content\/uploads\/2020\/01\/poprawa_ksztalcenia_2020.jpg","width":1386,"height":121},{"@type":"BreadcrumbList","@id":"https:\/\/www.zst.suwalki.pl\/www\/poprawa-jakosci-ksztalcenia-zawodowego-w-miescie-suwalki\/#breadcrumb","itemListElement":[{"@type":"ListItem","position":1,"name":"Strona g\u0142\u00f3wna","item":"https:\/\/www.zst.suwalki.pl\/www\/"},{"@type":"ListItem","position":2,"name":"Poprawa jako\u015bci kszta\u0142cenia zawodowego w mie\u015bcie Suwa\u0142ki"}]},{"@type":"WebSite","@id":"https:\/\/www.zst.suwalki.pl\/www\/#website","url":"https:\/\/www.zst.suwalki.pl\/www\/","name":"Zesp\u00f3\u0142 Szk\u00f3\u0142 Technicznych w Suwa\u0142kach","description":"technikum, suwa\u0142ki, mechatronik, informatyk, teleinformatyk, budownictwo, elektryk, mechanik, monter, fryzjer, cukiernik, grafik,","publisher":{"@id":"https:\/\/www.zst.suwalki.pl\/www\/#organization"},"potentialAction":[{"@type":"SearchAction","target":{"@type":"EntryPoint","urlTemplate":"https:\/\/www.zst.suwalki.pl\/www\/?s={search_term_string}"},"query-input":{"@type":"PropertyValueSpecification","valueRequired":true,"valueName":"search_term_string"}}],"inLanguage":"pl-PL"},{"@type":"Organization","@id":"https:\/\/www.zst.suwalki.pl\/www\/#organization","name":"Zesp\u00f3\u0142 Szk\u00f3\u0142 Technicznych w Suwa\u0142kach","url":"https:\/\/www.zst.suwalki.pl\/www\/","logo":{"@type":"ImageObject","inLanguage":"pl-PL","@id":"https:\/\/www.zst.suwalki.pl\/www\/#\/schema\/logo\/image\/","url":"https:\/\/www.zst.suwalki.pl\/www\/wp-content\/uploads\/2019\/01\/cropped-banner_logo_zst.png","contentUrl":"https:\/\/www.zst.suwalki.pl\/www\/wp-content\/uploads\/2019\/01\/cropped-banner_logo_zst.png","width":290,"height":70,"caption":"Zesp\u00f3\u0142 Szk\u00f3\u0142 Technicznych w Suwa\u0142kach"},"image":{"@id":"https:\/\/www.zst.suwalki.pl\/www\/#\/schema\/logo\/image\/"},"sameAs":["https:\/\/www.facebook.com\/zstwsuwalkach"]}]}},"_links":{"self":[{"href":"https:\/\/www.zst.suwalki.pl\/www\/wp-json\/wp\/v2\/pages\/5041","targetHints":{"allow":["GET"]}}],"collection":[{"href":"https:\/\/www.zst.suwalki.pl\/www\/wp-json\/wp\/v2\/pages"}],"about":[{"href":"https:\/\/www.zst.suwalki.pl\/www\/wp-json\/wp\/v2\/types\/page"}],"author":[{"embeddable":true,"href":"https:\/\/www.zst.suwalki.pl\/www\/wp-json\/wp\/v2\/users\/1"}],"replies":[{"embeddable":true,"href":"https:\/\/www.zst.suwalki.pl\/www\/wp-json\/wp\/v2\/comments?post=5041"}],"version-history":[{"count":1,"href":"https:\/\/www.zst.suwalki.pl\/www\/wp-json\/wp\/v2\/pages\/5041\/revisions"}],"predecessor-version":[{"id":5042,"href":"https:\/\/www.zst.suwalki.pl\/www\/wp-json\/wp\/v2\/pages\/5041\/revisions\/5042"}],"wp:attachment":[{"href":"https:\/\/www.zst.suwalki.pl\/www\/wp-json\/wp\/v2\/media?parent=5041"}],"curies":[{"name":"wp","href":"https:\/\/api.w.org\/{rel}","templated":true}]}}