{"id":8310,"date":"2023-09-28T09:34:45","date_gmt":"2023-09-28T07:34:45","guid":{"rendered":"https:\/\/www.zst.suwalki.pl\/www\/?page_id=8310"},"modified":"2023-09-28T09:58:56","modified_gmt":"2023-09-28T07:58:56","slug":"dyrekcja-kontakt-kier-ak","status":"publish","type":"page","link":"https:\/\/www.zst.suwalki.pl\/www\/dyrekcja-kontakt-kier-ak\/","title":{"rendered":"Dyrekcja \u2013 kontakt \u2013 Kier AK"},"content":{"rendered":"\t\t<div data-elementor-type=\"wp-page\" data-elementor-id=\"8310\" class=\"elementor elementor-8310\" data-elementor-post-type=\"page\">\n\t\t\t\t<div class=\"elementor-element elementor-element-ec7c04a e-flex e-con-boxed e-con e-parent\" data-id=\"ec7c04a\" data-element_type=\"container\" data-e-type=\"container\">\n\t\t\t\t\t<div class=\"e-con-inner\">\n\t\t\t\t<div class=\"elementor-element elementor-element-9bd2865 eael-team-align-eael-team-align-default elementor-widget elementor-widget-eael-team-member\" data-id=\"9bd2865\" data-element_type=\"widget\" data-e-type=\"widget\" data-widget_type=\"eael-team-member.default\">\n\t\t\t\t<div class=\"elementor-widget-container\">\n\t\t\t\t\t\n\n\t<div id=\"eael-team-member-9bd2865\" class=\"eael-team-item eael-team-members-simple \">\n\t\t<div class=\"eael-team-item-inner\">\n\t\t\t<div class=\"eael-team-image\">\n\t\t\t\t<figure>\n\t\t\t\t\t\t\t\t\t\t<img decoding=\"async\" src=\"https:\/\/www.zst.suwalki.pl\/www\/wp-content\/uploads\/2022\/10\/dyr_artur_2022.jpg\" alt=\"\">\n\t\t\t\t\t\t\t\t\t<\/figure>\n\t\t\t\t\n\t\t\t\t\n\t\t\t<\/div>\n\n\t\t\t<div class=\"eael-team-content\">\n\t\t\t\t<h2 class=\"eael-team-member-name\">Artur Konrad Kuczy\u0144ski<\/h2><h3 class=\"eael-team-member-position\">Kierownik kszta\u0142cenia praktycznego<\/h3>\n\t\t\t\t\t\t\t\t\t\t\t\t\t\t<p class=\"eael-team-text\">tel. +48 572720325\ne-mail: akuczynski@zst.suwalki.pl<\/p>\n\t\t\t\t\t\t\t<\/div>\n\t\t<\/div>\n\t<\/div>\n\t\t\t\t\t<\/div>\n\t\t\t\t<\/div>\n\t\t\t\t\t<\/div>\n\t\t\t\t<\/div>\n\t\t\t\t<\/div>\n\t\t","protected":false},"excerpt":{"rendered":"<p>Artur Konrad Kuczy\u0144ski Kierownik kszta\u0142cenia praktycznego tel. +48 572720325 e-mail: akuczynski@zst.suwalki.pl<\/p>\n","protected":false},"author":1,"featured_media":0,"parent":0,"menu_order":0,"comment_status":"closed","ping_status":"closed","template":"","meta":{"_crdt_document":"","footnotes":""},"class_list":["post-8310","page","type-page","status-publish","hentry"],"yoast_head":"<!-- This site is optimized with the Yoast SEO plugin v27.4 - https:\/\/yoast.com\/product\/yoast-seo-wordpress\/ -->\n<title>Dyrekcja \u2013 kontakt \u2013 Kier AK - Zesp\u00f3\u0142 Szk\u00f3\u0142 Technicznych w Suwa\u0142kach<\/title>\n<meta name=\"robots\" content=\"index, follow, max-snippet:-1, max-image-preview:large, max-video-preview:-1\" \/>\n<link rel=\"canonical\" href=\"https:\/\/www.zst.suwalki.pl\/www\/dyrekcja-kontakt-kier-ak\/\" \/>\n<meta property=\"og:locale\" content=\"pl_PL\" \/>\n<meta property=\"og:type\" content=\"article\" \/>\n<meta property=\"og:title\" content=\"Dyrekcja \u2013 kontakt \u2013 Kier AK - Zesp\u00f3\u0142 Szk\u00f3\u0142 Technicznych w Suwa\u0142kach\" \/>\n<meta property=\"og:description\" content=\"Artur Konrad Kuczy\u0144ski Kierownik kszta\u0142cenia praktycznego tel. +48 572720325 e-mail: akuczynski@zst.suwalki.pl\" \/>\n<meta property=\"og:url\" content=\"https:\/\/www.zst.suwalki.pl\/www\/dyrekcja-kontakt-kier-ak\/\" \/>\n<meta property=\"og:site_name\" content=\"Zesp\u00f3\u0142 Szk\u00f3\u0142 Technicznych w Suwa\u0142kach\" \/>\n<meta property=\"article:publisher\" content=\"https:\/\/www.facebook.com\/zstwsuwalkach\" \/>\n<meta property=\"article:modified_time\" content=\"2023-09-28T07:58:56+00:00\" \/>\n<meta property=\"og:image\" content=\"https:\/\/www.zst.suwalki.pl\/www\/wp-content\/uploads\/2022\/10\/dyr_artur_2022.jpg\" \/>\n<meta name=\"twitter:card\" content=\"summary_large_image\" \/>\n<script type=\"application\/ld+json\" class=\"yoast-schema-graph\">{\"@context\":\"https:\\\/\\\/schema.org\",\"@graph\":[{\"@type\":\"WebPage\",\"@id\":\"https:\\\/\\\/www.zst.suwalki.pl\\\/www\\\/dyrekcja-kontakt-kier-ak\\\/\",\"url\":\"https:\\\/\\\/www.zst.suwalki.pl\\\/www\\\/dyrekcja-kontakt-kier-ak\\\/\",\"name\":\"Dyrekcja \u2013 kontakt \u2013 Kier AK - Zesp\u00f3\u0142 Szk\u00f3\u0142 Technicznych w Suwa\u0142kach\",\"isPartOf\":{\"@id\":\"https:\\\/\\\/www.zst.suwalki.pl\\\/www\\\/#website\"},\"primaryImageOfPage\":{\"@id\":\"https:\\\/\\\/www.zst.suwalki.pl\\\/www\\\/dyrekcja-kontakt-kier-ak\\\/#primaryimage\"},\"image\":{\"@id\":\"https:\\\/\\\/www.zst.suwalki.pl\\\/www\\\/dyrekcja-kontakt-kier-ak\\\/#primaryimage\"},\"thumbnailUrl\":\"https:\\\/\\\/www.zst.suwalki.pl\\\/www\\\/wp-content\\\/uploads\\\/2022\\\/10\\\/dyr_artur_2022.jpg\",\"datePublished\":\"2023-09-28T07:34:45+00:00\",\"dateModified\":\"2023-09-28T07:58:56+00:00\",\"breadcrumb\":{\"@id\":\"https:\\\/\\\/www.zst.suwalki.pl\\\/www\\\/dyrekcja-kontakt-kier-ak\\\/#breadcrumb\"},\"inLanguage\":\"pl-PL\",\"potentialAction\":[{\"@type\":\"ReadAction\",\"target\":[\"https:\\\/\\\/www.zst.suwalki.pl\\\/www\\\/dyrekcja-kontakt-kier-ak\\\/\"]}]},{\"@type\":\"ImageObject\",\"inLanguage\":\"pl-PL\",\"@id\":\"https:\\\/\\\/www.zst.suwalki.pl\\\/www\\\/dyrekcja-kontakt-kier-ak\\\/#primaryimage\",\"url\":\"https:\\\/\\\/www.zst.suwalki.pl\\\/www\\\/wp-content\\\/uploads\\\/2022\\\/10\\\/dyr_artur_2022.jpg\",\"contentUrl\":\"https:\\\/\\\/www.zst.suwalki.pl\\\/www\\\/wp-content\\\/uploads\\\/2022\\\/10\\\/dyr_artur_2022.jpg\",\"width\":800,\"height\":1000},{\"@type\":\"BreadcrumbList\",\"@id\":\"https:\\\/\\\/www.zst.suwalki.pl\\\/www\\\/dyrekcja-kontakt-kier-ak\\\/#breadcrumb\",\"itemListElement\":[{\"@type\":\"ListItem\",\"position\":1,\"name\":\"Strona g\u0142\u00f3wna\",\"item\":\"https:\\\/\\\/www.zst.suwalki.pl\\\/www\\\/\"},{\"@type\":\"ListItem\",\"position\":2,\"name\":\"Dyrekcja \u2013 kontakt \u2013 Kier AK\"}]},{\"@type\":\"WebSite\",\"@id\":\"https:\\\/\\\/www.zst.suwalki.pl\\\/www\\\/#website\",\"url\":\"https:\\\/\\\/www.zst.suwalki.pl\\\/www\\\/\",\"name\":\"Zesp\u00f3\u0142 Szk\u00f3\u0142 Technicznych w Suwa\u0142kach\",\"description\":\"technikum, suwa\u0142ki, mechatronik, informatyk, teleinformatyk, budownictwo, elektryk, mechanik, monter, fryzjer, cukiernik, grafik,\",\"publisher\":{\"@id\":\"https:\\\/\\\/www.zst.suwalki.pl\\\/www\\\/#organization\"},\"potentialAction\":[{\"@type\":\"SearchAction\",\"target\":{\"@type\":\"EntryPoint\",\"urlTemplate\":\"https:\\\/\\\/www.zst.suwalki.pl\\\/www\\\/?s={search_term_string}\"},\"query-input\":{\"@type\":\"PropertyValueSpecification\",\"valueRequired\":true,\"valueName\":\"search_term_string\"}}],\"inLanguage\":\"pl-PL\"},{\"@type\":\"Organization\",\"@id\":\"https:\\\/\\\/www.zst.suwalki.pl\\\/www\\\/#organization\",\"name\":\"Zesp\u00f3\u0142 Szk\u00f3\u0142 Technicznych w Suwa\u0142kach\",\"url\":\"https:\\\/\\\/www.zst.suwalki.pl\\\/www\\\/\",\"logo\":{\"@type\":\"ImageObject\",\"inLanguage\":\"pl-PL\",\"@id\":\"https:\\\/\\\/www.zst.suwalki.pl\\\/www\\\/#\\\/schema\\\/logo\\\/image\\\/\",\"url\":\"https:\\\/\\\/www.zst.suwalki.pl\\\/www\\\/wp-content\\\/uploads\\\/2019\\\/01\\\/cropped-banner_logo_zst.png\",\"contentUrl\":\"https:\\\/\\\/www.zst.suwalki.pl\\\/www\\\/wp-content\\\/uploads\\\/2019\\\/01\\\/cropped-banner_logo_zst.png\",\"width\":290,\"height\":70,\"caption\":\"Zesp\u00f3\u0142 Szk\u00f3\u0142 Technicznych w Suwa\u0142kach\"},\"image\":{\"@id\":\"https:\\\/\\\/www.zst.suwalki.pl\\\/www\\\/#\\\/schema\\\/logo\\\/image\\\/\"},\"sameAs\":[\"https:\\\/\\\/www.facebook.com\\\/zstwsuwalkach\"]}]}<\/script>\n<!-- \/ Yoast SEO plugin. -->","yoast_head_json":{"title":"Dyrekcja \u2013 kontakt \u2013 Kier AK - Zesp\u00f3\u0142 Szk\u00f3\u0142 Technicznych w Suwa\u0142kach","robots":{"index":"index","follow":"follow","max-snippet":"max-snippet:-1","max-image-preview":"max-image-preview:large","max-video-preview":"max-video-preview:-1"},"canonical":"https:\/\/www.zst.suwalki.pl\/www\/dyrekcja-kontakt-kier-ak\/","og_locale":"pl_PL","og_type":"article","og_title":"Dyrekcja \u2013 kontakt \u2013 Kier AK - Zesp\u00f3\u0142 Szk\u00f3\u0142 Technicznych w Suwa\u0142kach","og_description":"Artur Konrad Kuczy\u0144ski Kierownik kszta\u0142cenia praktycznego tel. +48 572720325 e-mail: akuczynski@zst.suwalki.pl","og_url":"https:\/\/www.zst.suwalki.pl\/www\/dyrekcja-kontakt-kier-ak\/","og_site_name":"Zesp\u00f3\u0142 Szk\u00f3\u0142 Technicznych w Suwa\u0142kach","article_publisher":"https:\/\/www.facebook.com\/zstwsuwalkach","article_modified_time":"2023-09-28T07:58:56+00:00","og_image":[{"url":"https:\/\/www.zst.suwalki.pl\/www\/wp-content\/uploads\/2022\/10\/dyr_artur_2022.jpg","type":"","width":"","height":""}],"twitter_card":"summary_large_image","schema":{"@context":"https:\/\/schema.org","@graph":[{"@type":"WebPage","@id":"https:\/\/www.zst.suwalki.pl\/www\/dyrekcja-kontakt-kier-ak\/","url":"https:\/\/www.zst.suwalki.pl\/www\/dyrekcja-kontakt-kier-ak\/","name":"Dyrekcja \u2013 kontakt \u2013 Kier AK - Zesp\u00f3\u0142 Szk\u00f3\u0142 Technicznych w Suwa\u0142kach","isPartOf":{"@id":"https:\/\/www.zst.suwalki.pl\/www\/#website"},"primaryImageOfPage":{"@id":"https:\/\/www.zst.suwalki.pl\/www\/dyrekcja-kontakt-kier-ak\/#primaryimage"},"image":{"@id":"https:\/\/www.zst.suwalki.pl\/www\/dyrekcja-kontakt-kier-ak\/#primaryimage"},"thumbnailUrl":"https:\/\/www.zst.suwalki.pl\/www\/wp-content\/uploads\/2022\/10\/dyr_artur_2022.jpg","datePublished":"2023-09-28T07:34:45+00:00","dateModified":"2023-09-28T07:58:56+00:00","breadcrumb":{"@id":"https:\/\/www.zst.suwalki.pl\/www\/dyrekcja-kontakt-kier-ak\/#breadcrumb"},"inLanguage":"pl-PL","potentialAction":[{"@type":"ReadAction","target":["https:\/\/www.zst.suwalki.pl\/www\/dyrekcja-kontakt-kier-ak\/"]}]},{"@type":"ImageObject","inLanguage":"pl-PL","@id":"https:\/\/www.zst.suwalki.pl\/www\/dyrekcja-kontakt-kier-ak\/#primaryimage","url":"https:\/\/www.zst.suwalki.pl\/www\/wp-content\/uploads\/2022\/10\/dyr_artur_2022.jpg","contentUrl":"https:\/\/www.zst.suwalki.pl\/www\/wp-content\/uploads\/2022\/10\/dyr_artur_2022.jpg","width":800,"height":1000},{"@type":"BreadcrumbList","@id":"https:\/\/www.zst.suwalki.pl\/www\/dyrekcja-kontakt-kier-ak\/#breadcrumb","itemListElement":[{"@type":"ListItem","position":1,"name":"Strona g\u0142\u00f3wna","item":"https:\/\/www.zst.suwalki.pl\/www\/"},{"@type":"ListItem","position":2,"name":"Dyrekcja \u2013 kontakt \u2013 Kier AK"}]},{"@type":"WebSite","@id":"https:\/\/www.zst.suwalki.pl\/www\/#website","url":"https:\/\/www.zst.suwalki.pl\/www\/","name":"Zesp\u00f3\u0142 Szk\u00f3\u0142 Technicznych w Suwa\u0142kach","description":"technikum, suwa\u0142ki, mechatronik, informatyk, teleinformatyk, budownictwo, elektryk, mechanik, monter, fryzjer, cukiernik, grafik,","publisher":{"@id":"https:\/\/www.zst.suwalki.pl\/www\/#organization"},"potentialAction":[{"@type":"SearchAction","target":{"@type":"EntryPoint","urlTemplate":"https:\/\/www.zst.suwalki.pl\/www\/?s={search_term_string}"},"query-input":{"@type":"PropertyValueSpecification","valueRequired":true,"valueName":"search_term_string"}}],"inLanguage":"pl-PL"},{"@type":"Organization","@id":"https:\/\/www.zst.suwalki.pl\/www\/#organization","name":"Zesp\u00f3\u0142 Szk\u00f3\u0142 Technicznych w Suwa\u0142kach","url":"https:\/\/www.zst.suwalki.pl\/www\/","logo":{"@type":"ImageObject","inLanguage":"pl-PL","@id":"https:\/\/www.zst.suwalki.pl\/www\/#\/schema\/logo\/image\/","url":"https:\/\/www.zst.suwalki.pl\/www\/wp-content\/uploads\/2019\/01\/cropped-banner_logo_zst.png","contentUrl":"https:\/\/www.zst.suwalki.pl\/www\/wp-content\/uploads\/2019\/01\/cropped-banner_logo_zst.png","width":290,"height":70,"caption":"Zesp\u00f3\u0142 Szk\u00f3\u0142 Technicznych w Suwa\u0142kach"},"image":{"@id":"https:\/\/www.zst.suwalki.pl\/www\/#\/schema\/logo\/image\/"},"sameAs":["https:\/\/www.facebook.com\/zstwsuwalkach"]}]}},"_links":{"self":[{"href":"https:\/\/www.zst.suwalki.pl\/www\/wp-json\/wp\/v2\/pages\/8310","targetHints":{"allow":["GET"]}}],"collection":[{"href":"https:\/\/www.zst.suwalki.pl\/www\/wp-json\/wp\/v2\/pages"}],"about":[{"href":"https:\/\/www.zst.suwalki.pl\/www\/wp-json\/wp\/v2\/types\/page"}],"author":[{"embeddable":true,"href":"https:\/\/www.zst.suwalki.pl\/www\/wp-json\/wp\/v2\/users\/1"}],"replies":[{"embeddable":true,"href":"https:\/\/www.zst.suwalki.pl\/www\/wp-json\/wp\/v2\/comments?post=8310"}],"version-history":[{"count":5,"href":"https:\/\/www.zst.suwalki.pl\/www\/wp-json\/wp\/v2\/pages\/8310\/revisions"}],"predecessor-version":[{"id":8326,"href":"https:\/\/www.zst.suwalki.pl\/www\/wp-json\/wp\/v2\/pages\/8310\/revisions\/8326"}],"wp:attachment":[{"href":"https:\/\/www.zst.suwalki.pl\/www\/wp-json\/wp\/v2\/media?parent=8310"}],"curies":[{"name":"wp","href":"https:\/\/api.w.org\/{rel}","templated":true}]}}

<div data-elementor-type="wp-page" data-elementor-id="8310" class="elementor elementor-8310" data-elementor-post-type="page">
				<div class="elementor-element elementor-element-ec7c04a e-flex e-con-boxed e-con e-parent" data-id="ec7c04a" data-element_type="container" data-e-type="container">
					<div class="e-con-inner">
				<div class="elementor-element elementor-element-9bd2865 eael-team-align-eael-team-align-default elementor-widget elementor-widget-eael-team-member" data-id="9bd2865" data-element_type="widget" data-e-type="widget" data-widget_type="eael-team-member.default">
				<div class="elementor-widget-container">
					

	<div id="eael-team-member-9bd2865" class="eael-team-item eael-team-members-simple ">
		<div class="eael-team-item-inner">
			<div class="eael-team-image">
				<figure>
										<img decoding="async" src="https://www.zst.suwalki.pl/www/wp-content/uploads/2022/10/dyr_artur_2022.jpg" alt="">
									</figure>
				
				
			</div>

			<div class="eael-team-content">
				<h2 class="eael-team-member-name">Artur Konrad Kuczyński</h2><h3 class="eael-team-member-position">Kierownik kształcenia praktycznego</h3>
														<p class="eael-team-text">tel. +48 572720325
e-mail: akuczynski@zst.suwalki.pl</p>
							</div>
		</div>
	</div>
					</div>
				</div>
					</div>
				</div>
				</div>

<p>Artur Konrad Kuczyński Kierownik kształcenia praktycznego tel. +48 572720325 e-mail: akuczynski@zst.suwalki.pl</p>

<!-- This site is optimized with the Yoast SEO plugin v27.4 - https://yoast.com/product/yoast-seo-wordpress/ -->
<title>Dyrekcja – kontakt – Kier AK - Zespół Szkół Technicznych w Suwałkach</title>
<meta name="robots" content="index, follow, max-snippet:-1, max-image-preview:large, max-video-preview:-1" />
<link rel="canonical" href="https://www.zst.suwalki.pl/www/dyrekcja-kontakt-kier-ak/" />
<meta property="og:locale" content="pl_PL" />
<meta property="og:type" content="article" />
<meta property="og:title" content="Dyrekcja – kontakt – Kier AK - Zespół Szkół Technicznych w Suwałkach" />
<meta property="og:description" content="Artur Konrad Kuczyński Kierownik kształcenia praktycznego tel. +48 572720325 e-mail: akuczynski@zst.suwalki.pl" />
<meta property="og:url" content="https://www.zst.suwalki.pl/www/dyrekcja-kontakt-kier-ak/" />
<meta property="og:site_name" content="Zespół Szkół Technicznych w Suwałkach" />
<meta property="article:publisher" content="https://www.facebook.com/zstwsuwalkach" />
<meta property="article:modified_time" content="2023-09-28T07:58:56+00:00" />
<meta property="og:image" content="https://www.zst.suwalki.pl/www/wp-content/uploads/2022/10/dyr_artur_2022.jpg" />
<meta name="twitter:card" content="summary_large_image" />
<script type="application/ld+json" class="yoast-schema-graph">{"@context":"https:\/\/schema.org","@graph":[{"@type":"WebPage","@id":"https:\/\/www.zst.suwalki.pl\/www\/dyrekcja-kontakt-kier-ak\/","url":"https:\/\/www.zst.suwalki.pl\/www\/dyrekcja-kontakt-kier-ak\/","name":"Dyrekcja – kontakt – Kier AK - Zespół Szkół Technicznych w Suwałkach","isPartOf":{"@id":"https:\/\/www.zst.suwalki.pl\/www\/#website"},"primaryImageOfPage":{"@id":"https:\/\/www.zst.suwalki.pl\/www\/dyrekcja-kontakt-kier-ak\/#primaryimage"},"image":{"@id":"https:\/\/www.zst.suwalki.pl\/www\/dyrekcja-kontakt-kier-ak\/#primaryimage"},"thumbnailUrl":"https:\/\/www.zst.suwalki.pl\/www\/wp-content\/uploads\/2022\/10\/dyr_artur_2022.jpg","datePublished":"2023-09-28T07:34:45+00:00","dateModified":"2023-09-28T07:58:56+00:00","breadcrumb":{"@id":"https:\/\/www.zst.suwalki.pl\/www\/dyrekcja-kontakt-kier-ak\/#breadcrumb"},"inLanguage":"pl-PL","potentialAction":[{"@type":"ReadAction","target":["https:\/\/www.zst.suwalki.pl\/www\/dyrekcja-kontakt-kier-ak\/"]}]},{"@type":"ImageObject","inLanguage":"pl-PL","@id":"https:\/\/www.zst.suwalki.pl\/www\/dyrekcja-kontakt-kier-ak\/#primaryimage","url":"https:\/\/www.zst.suwalki.pl\/www\/wp-content\/uploads\/2022\/10\/dyr_artur_2022.jpg","contentUrl":"https:\/\/www.zst.suwalki.pl\/www\/wp-content\/uploads\/2022\/10\/dyr_artur_2022.jpg","width":800,"height":1000},{"@type":"BreadcrumbList","@id":"https:\/\/www.zst.suwalki.pl\/www\/dyrekcja-kontakt-kier-ak\/#breadcrumb","itemListElement":[{"@type":"ListItem","position":1,"name":"Strona główna","item":"https:\/\/www.zst.suwalki.pl\/www\/"},{"@type":"ListItem","position":2,"name":"Dyrekcja – kontakt – Kier AK"}]},{"@type":"WebSite","@id":"https:\/\/www.zst.suwalki.pl\/www\/#website","url":"https:\/\/www.zst.suwalki.pl\/www\/","name":"Zespół Szkół Technicznych w Suwałkach","description":"technikum, suwałki, mechatronik, informatyk, teleinformatyk, budownictwo, elektryk, mechanik, monter, fryzjer, cukiernik, grafik,","publisher":{"@id":"https:\/\/www.zst.suwalki.pl\/www\/#organization"},"potentialAction":[{"@type":"SearchAction","target":{"@type":"EntryPoint","urlTemplate":"https:\/\/www.zst.suwalki.pl\/www\/?s={search_term_string}"},"query-input":{"@type":"PropertyValueSpecification","valueRequired":true,"valueName":"search_term_string"}}],"inLanguage":"pl-PL"},{"@type":"Organization","@id":"https:\/\/www.zst.suwalki.pl\/www\/#organization","name":"Zespół Szkół Technicznych w Suwałkach","url":"https:\/\/www.zst.suwalki.pl\/www\/","logo":{"@type":"ImageObject","inLanguage":"pl-PL","@id":"https:\/\/www.zst.suwalki.pl\/www\/#\/schema\/logo\/image\/","url":"https:\/\/www.zst.suwalki.pl\/www\/wp-content\/uploads\/2019\/01\/cropped-banner_logo_zst.png","contentUrl":"https:\/\/www.zst.suwalki.pl\/www\/wp-content\/uploads\/2019\/01\/cropped-banner_logo_zst.png","width":290,"height":70,"caption":"Zespół Szkół Technicznych w Suwałkach"},"image":{"@id":"https:\/\/www.zst.suwalki.pl\/www\/#\/schema\/logo\/image\/"},"sameAs":["https:\/\/www.facebook.com\/zstwsuwalkach"]}]}</script>
<!-- / Yoast SEO plugin. -->

Dyrekcja – kontakt – Kier AK - Zespół Szkół Technicznych w Suwałkach

Artur Konrad Kuczyński Kierownik kształcenia praktycznego tel. +48 572720325 e-mail: akuczynski@zst.suwalki.pl

Zespół Szkół Technicznych w Suwałkach

Strona główna

technikum, suwałki, mechatronik, informatyk, teleinformatyk, budownictwo, elektryk, mechanik, monter, fryzjer, cukiernik, grafik,
